 of 390 and 15?
15
What is the highest common divisor of 14247 and 9?
9
Calculate the highest common factor of 560 and 32.
16
What is the greatest common factor of 195 and 30?
15
What is the greatest common divisor of 32 and 54?
2
Calculate the highest common divisor of 19 and 35587.
19
Calculate the highest common divisor of 10176 and 864.
96
Calculate the greatest common factor of 5 and 9.
1
What is the greatest common factor of 1818 and 15?
3
What is the highest common factor of 24961 and 327?
109
What is the highest common factor of 2156 and 44?
44
Calculate the highest common factor of 1540 and 448.
28
Calculate the highest common factor of 731 and 215.
43
Calculate the highest common divisor of 57 and 171.
57
What is the greatest common factor of 87 and 29?
29
What is the greatest common divisor of 366 and 671?
61
Calculate the greatest common divisor of 81 and 3321.
81
Calculate the highest common factor of 24 and 7008.
24
What is the highest common divisor of 96 and 7008?
96
Calculate the greatest common divisor of 13 and 299.
13
What is the highest common factor of 39 and 1?
1
What is the highest common factor of 130 and 104?
26
What is the greatest common factor of 2828 and 1111?
101
What is the greatest common divisor of 114 and 54?
6
Calculate the highest common divisor of 169 and 299.
13
Calculate the highest common divisor of 45 and 480.
15
What is the greatest common factor of 1979 and 1?
1
Calculate the highest common factor of 38 and 1501.
19
What is the greatest common divisor of 100 and 775?
25
What is the greatest common factor of 94 and 8?
2
What is the greatest common divisor of 32 and 352?
32
Calculate the highest common divisor of 38 and 1558.
38
Calculate the greatest common divisor of 182 and 78.
26
Calculate the highest common divisor of 112 and 504.
56
Calculate the highest common divisor of 50 and 350.
50
Calculate the greatest common divisor of 420 and 735.
105
Calculate the greatest common factor of 396 and 5379.
33
What is the greatest common factor of 18 and 2?
2
What is the greatest common factor of 336 and 384?
48
Calculate the highest common factor of 224 and 2336.
32
What is the greatest common divisor of 256 and 16?
16
What is the greatest common divisor of 50 and 2825?
25
Calculate the greatest common factor of 200 and 3700.
100
Calculate the highest common factor of 45 and 435.
15
Calculate the highest common divisor of 111 and 148.
37
What is the greatest common divisor of 169 and 26?
13
Calculate the highest common factor of 231 and 42.
21
Calculate the highest common factor of 924 and 168.
84
Calculate the highest common factor of 376 and 8.
8
Calculate the highest common factor of 2204 and 380.
76
Calculate the greatest common divisor of 550 and 44.
22
Calculate the greatest common divisor of 40 and 2260.
20
Calculate the highest common divisor of 35 and 7.
7
Calculate the greatest common factor of 74 and 962.
74
What is the highest common factor of 272 and 289?
17
What is the highest common factor of 240 and 58320?
240
What is the greatest common divisor of 1133 and 103?
103
Calculate the highest common divisor of 374 and 176.
22
What is the greatest common factor of 36 and 351?
9
What is the highest common divisor of 600 and 27?
3
Calculate the greatest common divisor of 1212 and 12.
12
What is the greatest common factor of 69 and 966?
69
What is the greatest common divisor of 272 and 34?
34
Calculate the greatest common divisor of 22480 and 160.
80
What is the highest common divisor of 4620 and 638?
22
Calculate the greatest common divisor of 39399 and 138.
69
What is the highest common factor of 3 and 2439?
3
Calculate the greatest common divisor of 6878 and 38.
38
Calculate the highest common factor of 75 and 60.
15
Calculate the highest common factor of 56 and 2065.
7
What is the highest common factor of 637 and 13?
13
What is the highest common factor of 34 and 90?
2
Calculate the greatest common factor of 13 and 149773.
13
Calculate the greatest common divisor of 114 and 1356.
6
Calculate the greatest common divisor of 754 and 522.
58
Calculate the highest common factor of 168 and 49224.
168
What is the highest common divisor of 7391 and 19?
19
What is the highest common factor of 12 and 372?
12
What is the highest common factor of 5082 and 66?
66
What is the highest common factor of 469 and 7?
7
What is the greatest common factor of 20 and 54?
2
What is the highest common factor of 2193 and 153?
51
What is the highest common factor of 12880 and 112?
112
What is the greatest common divisor of 88 and 55?
11
What is the greatest common divisor of 5032 and 187?
17
What is the greatest common factor of 376 and 6533?
47
What is the highest common factor of 40 and 9760?
40
Calculate the highest common factor of 144 and 774.
18
What is the highest common divisor of 4887 and 135?
27
What is the greatest common divisor of 30 and 102?
6
What is the highest common divisor of 17 and 1819?
17
What is the greatest common divisor of 36 and 36?
36
Calculate the greatest common factor of 15 and 411.
3
Calculate the highest common factor of 51 and 816.
51
What is the greatest common divisor of 131 and 1?
1
Calculate the greatest common divisor of 13 and 45.
1
Calculate the highest common factor of 48 and 120.
24
What is the greatest common divisor of 1020 and 850?
170
Calculate the highest common factor of 7 and 2569.
7
Calculate the highest common divisor of 5100 and 1350.
150
Calculate the highest common factor of 45 and 195.
15
What is the greatest common divisor of 368 and 23?
23
Calculate the greatest common divisor of 3870 and 110.
10
Calculate the greatest common divisor of 17094 and 6.
6
What is the highest common factor of 120 and 880?
40
What is the highest common divisor of 9 and 36?
9
Calculate the greatest common divisor of 3340 and 60.
20
Calculate the highest common factor of 2184 and 624.
312
What is the greatest common factor of 531 and 261?
9
Calculate the highest common factor of 341 and 93.
31
What is the highest common divisor of 25 and 1325?
25
Calculate the highest common divisor of 338 and 507.
169
What is the greatest common factor of 837 and 27?
27
Calculate the highest common factor of 11 and 5687.
11
Calculate the highest common divisor of 504 and 280.
56
What is the greatest common factor of 10 and 7290?
10
Calculate the highest common divisor of 39 and 27.
3
Calculate the highest common factor of 234 and 351.
117
Calculate the greatest common factor of 391 and 1127.
23
Calculate the highest common divisor of 20 and 500.
20
Calculate the highest common divisor of 18568 and 264.
88
Calculate the greatest common factor of 20 and 620.
20
What is the greatest common divisor of 73 and 3139?
73
What is the highest common divisor of 102 and 72?
6
What is the greatest common divisor of 432 and 891?
27
Calculate the highest common factor of 15089 and 79.
79
What is the greatest common factor of 45 and 2601?
9
Calculate the greatest common factor of 24 and 160.
8
What is the highest common factor of 4788 and 144?
36
Calculate the highest common divisor of 39 and 33.
3
What is the highest common divisor of 64 and 1472?
64
What is the greatest common factor of 109 and 2?
1
What is the greatest common factor of 37 and 6919?
37
Calculate the greatest common divisor of 7098 and 169.
169
What is the greatest common divisor of 23 and 1633?
23
Calculate the greatest common factor of 287 and 1107.
41
Calculate the highest common divisor of 2 and 16.
2
What is the greatest common divisor of 29 and 145?
29
What is the greatest common factor of 15 and 480?
15
What is the greatest common divisor of 25 and 6625?
25
Calculate the highest common factor of 27 and 108.
27
Calculate the greatest common factor of 23 and 23.
23
What is the highest common divisor of 525 and 225?
75
Calculate the greatest common divisor of 144 and 6128.
16
Calculate the highest common factor of 16 and 1.
1
What is the greatest common divisor of 2156 and 22?
22
Calculate the greatest common factor of 2 and 7.
1
What is the highest common factor of 5726 and 28?
14
What is the highest common divisor of 12 and 588?
12
Calculate the greatest common factor of 365 and 876.
73
Calculate the greatest common factor of 176 and 308.
44
C